 divided by 118?
115
What is the remainder when 135884 is divided by 15086?
110
What is the remainder when 1405 is divided by 282?
277
What is the remainder when 25661 is divided by 420?
41
Calculate the remainder when 431913 is divided by 17275.
38
What is the remainder when 406 is divided by 95?
26
What is the remainder when 3296 is divided by 208?
176
What is the remainder when 197549 is divided by 43?
7
What is the remainder when 4461 is divided by 907?
833
What is the remainder when 17065 is divided by 3108?
1525
What is the remainder when 272709 is divided by 132?
129
Calculate the remainder when 160258 is divided by 3270.
28
Calculate the remainder when 71366 is divided by 366.
362
What is the remainder when 73683 is divided by 6140?
3
Calculate the remainder when 74592 is divided by 37276.
40
Calculate the remainder when 5984 is divided by 431.
381
Calculate the remainder when 23776 is divided by 79.
76
What is the remainder when 78224 is divided by 175?
174
Calculate the remainder when 140759 is divided by 1224.
1223
What is the remainder when 23311 is divided by 78?
67
Calculate the remainder when 22560 is divided by 1149.
729
Calculate the remainder when 12429 is divided by 3933.
630
What is the remainder when 3907 is divided by 87?
79
What is the remainder when 1732 is divided by 194?
180
What is the remainder when 1140 is divided by 89?
72
Calculate the remainder when 850 is divided by 213.
211
What is the remainder when 79879 is divided by 17?
13
Calculate the remainder when 70977 is divided by 93.
18
What is the remainder when 951168 is divided by 39?
36
What is the remainder when 1158 is divided by 105?
3
What is the remainder when 10936 is divided by 2151?
181
What is the remainder when 455526 is divided by 664?
22
What is the remainder when 3459 is divided by 3459?
0
Calculate the remainder when 17553 is divided by 163.
112
What is the remainder when 55333 is divided by 119?
117
What is the remainder when 651 is divided by 319?
13
What is the remainder when 4237 is divided by 191?
35
Calculate the remainder when 40536 is divided by 1621.
11
What is the remainder when 43645 is divided by 5423?
261
What is the remainder when 26248 is divided by 5234?
78
What is the remainder when 21499 is divided by 1630?
309
Calculate the remainder when 14198 is divided by 67.
61
What is the remainder when 58751 is divided by 200?
151
Calculate the remainder when 14223 is divided by 837.
831
What is the remainder when 18714 is divided by 2397?
1935
What is the remainder when 8357 is divided by 17?
10
What is the remainder when 22628 is divided by 111?
95
What is the remainder when 14136 is divided by 104?
96
What is the remainder when 490628 is divided by 215?
213
Calculate the remainder when 1339 is divided by 229.
194
What is the remainder when 58179 is divided by 594?
561
Calculate the remainder when 694447 is divided by 151.
149
What is the remainder when 137703 is divided by 94?
87
Calculate the remainder when 677 is divided by 353.
324
Calculate the remainder when 53631 is divided by 8935.
21
Calculate the remainder when 14088 is divided by 4663.
99
What is the remainder when 6860 is divided by 26?
22
Calculate the remainder when 33982 is divided by 15.
7
Calculate the remainder when 1808 is divided by 107.
96
Calculate the remainder when 14684 is divided by 4892.
8
What is the remainder when 2786 is divided by 542?
76
What is the remainder when 13296 is divided by 5?
1
What is the remainder when 28866 is divided by 128?
66
What is the remainder when 1863 is divided by 1840?
23
Calculate the remainder when 5103 is divided by 269.
261
Calculate the remainder when 19879 is divided by 3843.
664
What is the remainder when 18898 is divided by 225?
223
Calculate the remainder when 8989 is divided by 58.
57
Calculate the remainder when 96092 is divided by 16010.
32
Calculate the remainder when 180645 is divided by 13.
10
Calculate the remainder when 16911 is divided by 404.
347
Calculate the remainder when 9489 is divided by 207.
174
Calculate the remainder when 183427 is divided by 80.
67
What is the remainder when 2212 is divided by 159?
145
What is the remainder when 80171 is divided by 943?
16
Calculate the remainder when 27557 is divided by 82.
5
Calculate the remainder when 146055 is divided by 49.
35
What is the remainder when 912672 is divided by 1138?
1134
Calculate the remainder when 43418 is divided by 542.
58
Calculate the remainder when 99923 is divided by 13.
5
What is the remainder when 3724 is divided by 32?
12
What is the remainder when 18970 is divided by 1387?
939
What is the remainder when 7873 is divided by 15?
13
Calculate the remainder when 27007 is divided by 9.
7
What is the remainder when 180585 is divided by 52?
41
Calculate the remainder when 10416 is divided by 549.
534
What is the remainder when 189399 is divided by 10520?
39
What is the remainder when 22585 is divided by 27?
13
What is the remainder when 6013 is divided by 380?
313
Calculate the remainder when 2802 is divided by 620.
322
Calculate the remainder when 111609 is divided by 131.
128
What is the remainder when 12090 is divided by 46?
38
What is the remainder when 5395 is divided by 384?
19
What is the remainder when 2020 is divided by 738?
544
What is the remainder when 3067 is divided by 53?
46
What is the remainder when 45170 is divided by 189?
188
Calculate the remainder when 7759 is divided by 1808.
527
Calculate the remainder when 269638 is divided by 126.
124
What is the remainder when 705447 is divided by 22?
17
What is the remainder when 13748 is divided by 9?
5
Calculate the remainder when 5806 is divided by 41.
25
What is the remainder when 934 is divided by 776?
158
What is the remainder when 402949 is divided by 76?
73
Calculate the remainder when 26056 is divided by 12958.
140
Calculate the remainder when 744940 is divided by 8277.
10
What is the remainder when 24952 is divided by 960?
952
Calculate the remainder when 32120 is divided by 365.
0
Calculate the remainder when 9528 is divided by 27.
24
Calculate the remainder when 99455 is divided by 19.
9
What is the remainder when 4763 is divided by 85?
3
Calculate the remainder when 567 is divided by 114.
111
Calculate the remainder when 1986 is divided by 558.
312
Calculate the remainder when 6597 is divided by 140.
17
Calculate the remainder when 55766 is divided by 55559.
207
What is the remainder when 21611 is divided by 34?
21
Calculate the remainder when 22298 is divided by 1061.
17
What is the remainder when 2060 is divided by 344?
340
What is the remainder when 46375 is divided by 527?
526
What is the remainder when 1932 is divided by 311?
66
Calculate the remainder when 196967 is divided by 196957.
10
Calculate the remainder when 12149 is divided by 58.
27
What is the remainder when 15090 is divided by 2506?
54
Calculate the remainder when 91215 is divided by 48.
15
Calculate the remainder when 5368 is divided by 2638.
92
What is the remainder when 1846 is divided by 6?
4
Calculate the remainder when 30566 is divided by 30494.
72
What is the remainder when 5850335 is divided by 13?
10
What is the remainder when 14878 is divided by 855?
343
Calculate the remainder when 21335 is divided by 194.
189
Calculate the remainder when 18800 is divided by 177.
38
Calculate the remainder when 1936673 is divided by 25.
23
What is the remainder when 83408 is divided by 67?
60
What is the remainder when 794 is divided by 3?
2
Calculate the remainder when 7124 is divided by 546.
26
What is the remainder when 373674 is divided by 170?
14
What is the remainder when 218507 is divided by 122?
5
Calculate the remainder when 687277 is divided by 343632.
13
What is the remainder when 1529993 is divided by 125?
118
What is the remainder when 180451 is divided by 1611?
19
What is the remainder when 77760 is divided by 2592?
0
Calculate the remainder when 1536 is divided by 641.
254
Calculate the remainder when 5295 is divided by 38.
13
Calculate the remainder when 11567 is divided by 47.
5
Calculate the remainder when 40671 is divided by 20327.
17
What is the remainder when 55797 is divided by 120?
117
Calculate the remainder when 23340 is divided by 864.
12
What is the remainder when 155969 is divide